{"id":125,"date":"2024-04-17T10:31:40","date_gmt":"2024-04-17T08:31:40","guid":{"rendered":"https:\/\/wp.claudiaperlet.de\/?page_id=125"},"modified":"2024-04-23T12:34:06","modified_gmt":"2024-04-23T10:34:06","slug":"mammographie","status":"publish","type":"page","link":"https:\/\/claudiaperlet.de\/?page_id=125","title":{"rendered":"Mammographie"},"content":{"rendered":"<p>[et_pb_section fb_built=&#8220;1&#8243; _builder_version=&#8220;4.24.3&#8243; _module_preset=&#8220;default&#8220; background_color=&#8220;rgba(100,204,193,0.3)&#8220; custom_padding=&#8220;0px||0px||false|false&#8220; global_colors_info=&#8220;{}&#8220;][et_pb_row column_structure=&#8220;1_2,1_2&#8243; _builder_version=&#8220;4.24.3&#8243; _module_preset=&#8220;default&#8220; custom_padding=&#8220;0px||0px||false|false&#8220; global_colors_info=&#8220;{}&#8220;][et_pb_column type=&#8220;1_2&#8243; _builder_version=&#8220;4.23.4&#8243; _module_preset=&#8220;default&#8220; global_colors_info=&#8220;{}&#8220;][et_pb_image src=&#8220;https:\/\/claudiaperlet.de\/wp-content\/uploads\/2024\/01\/Tuer_450px_nc6pwuj2.png&#8220; title_text=&#8220;Tuer_450px_nc6pwuj2&#8243; _builder_version=&#8220;4.24.3&#8243; _module_preset=&#8220;default&#8220; global_colors_info=&#8220;{}&#8220;][\/et_pb_image][\/et_pb_column][et_pb_column type=&#8220;1_2&#8243; _builder_version=&#8220;4.23.4&#8243; _module_preset=&#8220;default&#8220; global_colors_info=&#8220;{}&#8220;][et_pb_image src=&#8220;https:\/\/claudiaperlet.de\/wp-content\/uploads\/2024\/01\/Mammo_450px.png&#8220; title_text=&#8220;Mammo_450px&#8220; _builder_version=&#8220;4.24.3&#8243; _module_preset=&#8220;default&#8220; global_colors_info=&#8220;{}&#8220;][\/et_pb_image][\/et_pb_column][\/et_pb_row][\/et_pb_section][et_pb_section fb_built=&#8220;1&#8243; _builder_version=&#8220;4.24.3&#8243; _module_preset=&#8220;default&#8220; custom_margin=&#8220;0px||0px||false|false&#8220; custom_padding=&#8220;0px||0px||false|false&#8220; global_colors_info=&#8220;{}&#8220;][et_pb_row _builder_version=&#8220;4.24.3&#8243; _module_preset=&#8220;default&#8220; custom_margin=&#8220;30px||||false|false&#8220; hover_enabled=&#8220;0&#8243; sticky_enabled=&#8220;0&#8243;][et_pb_column _builder_version=&#8220;4.24.3&#8243; _module_preset=&#8220;default&#8220; type=&#8220;4_4&#8243;][et_pb_heading title=&#8220;Mammographie&#8220; _builder_version=&#8220;4.24.3&#8243; _module_preset=&#8220;default&#8220; hover_enabled=&#8220;0&#8243; sticky_enabled=&#8220;0&#8243;][\/et_pb_heading][\/et_pb_column][\/et_pb_row][et_pb_row _builder_version=&#8220;4.24.3&#8243; _module_preset=&#8220;default&#8220;][et_pb_column _builder_version=&#8220;4.24.3&#8243; _module_preset=&#8220;default&#8220; type=&#8220;4_4&#8243;][et_pb_text _builder_version=&#8220;4.24.3&#8243; _module_preset=&#8220;default&#8220; hover_enabled=&#8220;0&#8243; sticky_enabled=&#8220;0&#8243;]<\/p>\n<div>Die Mammographie ist die wichtigste Untersuchungsmethode in der Fr\u00fcherkennung von Brusterkrankungen. Die Mehrzahl aller b\u00f6sartigen Tumoren weisen kleinste Verkalkungen (sog. Mikroverkalkungen) auf, die bislang nur mit der Mammographie zuverl\u00e4ssig zu erkennen sind. Daher wurde f\u00fcr Frauen, die keine Beschwerden oder Risikofaktoren f\u00fcr die Entstehung von Brustkrebs haben, bundesweit ein Screeningprogramm etabliert. Im Rahmen dieses Programmes werden Sie zwischen dem 50. und 75. Lebensjahr in 2-j\u00e4hrigen Abst\u00e4nden pers\u00f6nlich zu einem Mammographietermin an den beteiligten Screeningzentren eingeladen. Die Teilnahme ist dabei unabh\u00e4ngig vom Versicherungsstatus. Da unsere Praxis am Screening-Programm nicht teilnimmt, wenden Sie sich hierf\u00fcr bitte an die Zentrale Stelle des Mammographie-Screening Bayern.<\/div>\n<div>\n<p><span>Wir f\u00fchren Mammographien im Rahmen der sogenannten kurativen Diagnostik durch:<\/span><\/p>\n<div>\n<ul>\n<li>Dies kann empfehlenswert sein bei speziellen Risikofaktoren, wie z. B. famili\u00e4rer Belastung, bei bestimmten Vorerkrankungen der Brust, im Rahmen der Nachsorge oder bei einer Vorbelastung mit anderen Tumorerkrankungen.<\/li>\n<li><span>Nat\u00fcrlich wird die Mammographie nicht nur zur Fr\u00fcherkennung eingesetzt, sondern kann auch zur Abkl\u00e4rung bei Beschwerden, wie z.B. Schmerzen, tastbaren Knoten, Entz\u00fcndungen, Ver\u00e4nderungen der Haut oder der Brustwarze oder aber bei einer unklaren Sekretion aus der Brustwarze erforderlich sein.<\/span><\/li>\n<\/ul>\n<p><span>Wir beraten Sie gerne, ob und in welchen Abst\u00e4nden eine Mammographie empfehlenswert ist.<\/span><\/div>\n<\/div>\n<p>[\/et_pb_text][\/et_pb_column][\/et_pb_row][et_pb_row column_structure=&#8220;1_3,1_3,1_3&#8243; _builder_version=&#8220;4.24.3&#8243; _module_preset=&#8220;default&#8220; custom_padding=&#8220;0px||0px||false|false&#8220; hover_enabled=&#8220;0&#8243; global_colors_info=&#8220;{}&#8220; sticky_enabled=&#8220;0&#8243; custom_margin=&#8220;30px||||false|false&#8220; use_custom_gutter=&#8220;on&#8220; make_equal=&#8220;on&#8220; gutter_width=&#8220;2&#8243;][et_pb_column type=&#8220;1_3&#8243; _builder_version=&#8220;4.24.3&#8243; _module_preset=&#8220;default&#8220; global_colors_info=&#8220;{}&#8220;][et_pb_blurb title=&#8220;Technik&#8220; _builder_version=&#8220;4.24.3&#8243; _module_preset=&#8220;default&#8220; hover_enabled=&#8220;0&#8243; global_colors_info=&#8220;{}&#8220; sticky_enabled=&#8220;0&#8243;]<\/p>\n<p><span>Die Mammographie wird in unserer Praxis in digitaler Vollfeldtechnik durchgef\u00fchrt.<\/span><\/p>\n<div><span>Wir arbeiten mit einem Mammographieger\u00e4t der neuesten Generation der Firma Siemens. Ein hoher Bildkontrast erlaubt eine bestm\u00f6gliche Beurteilung dichter Gewebsstrukturen, insbesondere auch bei Implantaten.<\/span><\/div>\n<div><span>Daneben bietet unser MAMMOMAT Revelation weitere entscheidende Funktionen:<\/span><\/div>\n<div><span>Durch eine spezielle Rastertechnik, die sogenannte PRIME Technologie, besteht die M\u00f6glichkeit einer Dosisreduktion von bis zu 30 % bei gleichzeitig optimaler Bildqualit\u00e4t.<\/span><\/div>\n<div><span>Speziell geformte, den Konturen der Brust angepasste Kompressionsplatten erm\u00f6glichen einen angenehmen Untersuchungskomfort<\/span><\/div>\n<div><span>Mit der Personalized Soft compression wird nur soviel Kompressionsdruck aufgewendet, wie f\u00fcr eine ideale Bildqualit\u00e4t erforderlich ist.<\/span><\/div>\n<div><span>\u00a0<\/span><\/div>\n<div><span>Zus\u00e4tzlich erlaubt das Ger\u00e4t die Durchf\u00fchrung einer\u00a0<a href=\"http:\/\/rendering\/93098#\" data-linkid=\"2\">3D Mammographie Tomosynthese<\/a>.<\/span><\/div>\n<p>[\/et_pb_blurb][\/et_pb_column][et_pb_column type=&#8220;1_3&#8243; _builder_version=&#8220;4.24.3&#8243; _module_preset=&#8220;default&#8220; global_colors_info=&#8220;{}&#8220;][et_pb_blurb title=&#8220;Tomosynthese&#8220; _builder_version=&#8220;4.24.3&#8243; _module_preset=&#8220;default&#8220; hover_enabled=&#8220;0&#8243; global_colors_info=&#8220;{}&#8220; sticky_enabled=&#8220;0&#8243;]<\/p>\n<div>\n<p><span>Mit Hilfe dieser Technik lassen sich 3-dimensionale Aufnahmen der Brust erstellen. Dadurch k\u00f6nnen Gewebestrukturen \u00fcberlappungsfrei dargestellt werden, wodurch Tumore einfacher erkennbar sind.<\/span><\/p>\n<div><span>\u00a0<\/span><\/div>\n<div><span>W\u00e4hrend der Untersuchung schwenkt die R\u00f6ntgenr\u00f6hre in einem 50\u00b0 Bogen um die Brust und nimmt dabei 25 Einzelbilder mit jeweils sehr niedriger Dosis auf, die dann zu 3D-Bildern rekonstruiert werden.<\/span><\/div>\n<\/div>\n<p>[\/et_pb_blurb][\/et_pb_column][et_pb_column type=&#8220;1_3&#8243; _builder_version=&#8220;4.24.3&#8243; _module_preset=&#8220;default&#8220; global_colors_info=&#8220;{}&#8220;][et_pb_blurb title=&#8220;Durchf\u00fchrung&#8220; _builder_version=&#8220;4.24.3&#8243; _module_preset=&#8220;default&#8220; hover_enabled=&#8220;0&#8243; global_colors_info=&#8220;{}&#8220; sticky_enabled=&#8220;0&#8243;]<\/p>\n<div>F\u00fcr die Durchf\u00fchrung der Mammographie ist, unabh\u00e4ngig von der verwendeten Ger\u00e4tetechnik, immer eine Kompression der Brust notwendig, um eine maximale Bildqualit\u00e4t zu erreichen. Gleichzeitig reduziert sich mit zunehmender Kompression die erforderliche Strahlendosis.<\/div>\n<div><\/div>\n<div><span>Die Untersuchung wird mit speziell geformten Kompressionsplatten und einem individuell angepassten Kompressionsdruck durchgef\u00fchrt.<\/span><\/div>\n<div>\n<p><span><br \/><\/span><\/p>\n<div><\/div>\n<div>Gemeinsam mit Ihnen erarbeiten unsere speziell geschulten R\u00f6ntgenassistentinnen ein geeignetes und f\u00fcr Sie ertr\u00e4gliches Ma\u00df der Kompression.<\/div>\n<div><\/div>\n<div><\/div>\n<div>Da die Brust in der Regel in der ersten Zyklush\u00e4lfte am wenigsten schmerzempfindlich ist, sollte, falls m\u00f6glich, die Untersuchung zu diesem Zeitpunkt durchgef\u00fchrt werden.<\/div>\n<\/div>\n<p>[\/et_pb_blurb][\/et_pb_column][\/et_pb_row][et_pb_row column_structure=&#8220;1_3,1_3,1_3&#8243; _builder_version=&#8220;4.24.3&#8243; _module_preset=&#8220;default&#8220; custom_padding=&#8220;0px||0px||false|false&#8220; hover_enabled=&#8220;0&#8243; global_colors_info=&#8220;{}&#8220; sticky_enabled=&#8220;0&#8243; custom_margin=&#8220;30px||||false|false&#8220; use_custom_gutter=&#8220;on&#8220; make_equal=&#8220;on&#8220; gutter_width=&#8220;2&#8243;][et_pb_column type=&#8220;1_3&#8243; _builder_version=&#8220;4.24.3&#8243; _module_preset=&#8220;default&#8220; global_colors_info=&#8220;{}&#8220;][et_pb_blurb title=&#8220;Strahlendosis&#8220; _builder_version=&#8220;4.24.3&#8243; _module_preset=&#8220;default&#8220; hover_enabled=&#8220;0&#8243; global_colors_info=&#8220;{}&#8220; sticky_enabled=&#8220;0&#8243;]<\/p>\n<div>\n<p>Wir sind st\u00e4ndig bem\u00fcht die f\u00fcr Sie erforderliche Strahlendosis m\u00f6glichst gering zu halten. Durch die sogenannte PRIME Technologie unseres Mammographieger\u00e4tes \u00a0besteht die M\u00f6glichkeit einer Dosisreduktion von bis zu 30 % bei gleichzeitig optimaler Bildqualit\u00e4t.<\/p>\n<div><\/div>\n<div>Die Notwendigkeit zur Mammographie wird von uns im Einzelfall gepr\u00fcft. Bitte bringen Sie daher, falls m\u00f6glich, Ihre Voraufnahmen und Befunde, sofern sie f\u00fcr die Brustdiagnostik relevant sind, mit zu Ihrem Termin.<\/div>\n<div>\n<div>\n<p>Wie Sie an einigen Vergleichswerten sehen, ist die Strahlenbelastung als sehr gering anzusehen.<\/p>\n<ul>\n<li>Mammographie beidseits 0,2-0,4 mSV<\/li>\n<li>R\u00f6ntgen LWS (2 Aufnahmen) 0,6-1,1 mSv<\/li>\n<li>Computertomographie Kopf 1-3 mSv<\/li>\n<li>Computertomographie Brustraum 4-7 mSv<\/li>\n<li>Transatlantikflug 0,1 mSv<\/li>\n<\/ul>\n<\/div>\n<\/div>\n<\/div>\n<p>[\/et_pb_blurb][\/et_pb_column][et_pb_column type=&#8220;1_3&#8243; _builder_version=&#8220;4.24.3&#8243; _module_preset=&#8220;default&#8220; global_colors_info=&#8220;{}&#8220;][et_pb_blurb title=&#8220;Kosten\u00fcbernahme&#8220; _builder_version=&#8220;4.24.3&#8243; _module_preset=&#8220;default&#8220; hover_enabled=&#8220;0&#8243; global_colors_info=&#8220;{}&#8220; sticky_enabled=&#8220;0&#8243;]<\/p>\n<div>\n<p><span>Unabh\u00e4ngig vom Versichertenstatus ist die Mammographie bei Frauen ohne Beschwerden und ohne Risikofaktoren zwischen dem 50. \u2013 und 75. Lebensjahr alle 2 Jahre im Rahmen des Mammographiescreenings empfehlenswert. Hierf\u00fcr werden Sie pers\u00f6nlich eingeladen zu einem Termin an den entsprechenden Zentren.<\/span><\/p>\n<div>\n<p><span><br \/>Au\u00dferhalb des Mammographiescreenings kann eine Mammographie erforderlich sein und wird von den privaten Krankenkassen in der Regel in allen F\u00e4llen, von den gesetzlichen Kassen in den meisten F\u00e4llen erstattet.<\/span><\/p>\n<ul>\n<li><span>zwischen dem 40. und 50. oder ab dem 70. Lebensjahr (risikoadaptierte Fr\u00fcherkennung)<br \/><\/span><\/li>\n<li><span>bei Beschwerden jeglicher Art (z.B. Schmerzen, ein auff\u00e4lliger Tastbefund, unklare Ver\u00e4nderungen der Haut oder der Brustwarze, Sekretion aus der Brustwarze etc.)<br \/><\/span><\/li>\n<li><span>Famili\u00e4rer Belastung mit Brustkrebs oder Eierstockstumor<br \/><\/span><\/li>\n<li><span>bestimmte Vorerkrankungen der Brust<br \/><\/span><\/li>\n<li><span>Tumorerkrankungen<br \/><\/span><\/li>\n<li><span>im Rahmen der Nachsorge nach Brustkrebs<\/span><\/li>\n<\/ul>\n<\/div>\n<\/div>\n<p>[\/et_pb_blurb][\/et_pb_column][et_pb_column type=&#8220;1_3&#8243; _builder_version=&#8220;4.24.3&#8243; _module_preset=&#8220;default&#8220; global_colors_info=&#8220;{}&#8220;][et_pb_blurb title=&#8220;Qualit\u00e4tssicherung&#8220; _builder_version=&#8220;4.24.3&#8243; _module_preset=&#8220;default&#8220; hover_enabled=&#8220;0&#8243; global_colors_info=&#8220;{}&#8220; sticky_enabled=&#8220;0&#8243;]<\/p>\n<div>\n<div>Aus Gr\u00fcnden der Qualit\u00e4tssicherung wird in unserer Praxis routinem\u00e4\u00dfig eine Doppelbefundung der Mammographie durchgef\u00fchrt.<\/div>\n<div><span>Aus mehreren Studien im Rahmen internationaler Screeningprogramme und nationaler Projekte zur qualit\u00e4tsgesicherten Mammadiagnostik ist bekannt, dass die Doppelbefundung die Tumorentdeckungsrate um mindestens 10% erh\u00f6ht.<\/span><\/div>\n<\/div>\n<div>\n<p><span>\u00a0<\/span><\/p>\n<div><\/div>\n<div>Gemeinsam mit Ihnen erarbeiten unsere speziell geschulten R\u00f6ntgenassistentinnen ein geeignetes und f\u00fcr Sie ertr\u00e4gliches Ma\u00df der Kompression.<\/div>\n<div><\/div>\n<div><\/div>\n<div>Da die Brust in der Regel in der ersten Zyklush\u00e4lfte am wenigsten schmerzempfindlich ist, sollte, falls m\u00f6glich, die Untersuchung zu diesem Zeitpunkt durchgef\u00fchrt werden.<\/div>\n<\/div>\n<p>[\/et_pb_blurb][\/et_pb_column][\/et_pb_row][\/et_pb_section]<\/p>\n","protected":false},"excerpt":{"rendered":"<p>Die Mammographie ist die wichtigste Untersuchungsmethode in der Fr\u00fcherkennung von Brusterkrankungen. Die Mehrzahl aller b\u00f6sartigen Tumoren weisen kleinste Verkalkungen (sog. Mikroverkalkungen) auf, die bislang nur mit der Mammographie zuverl\u00e4ssig zu erkennen sind. Daher wurde f\u00fcr Frauen, die keine Beschwerden oder Risikofaktoren f\u00fcr die Entstehung von Brustkrebs haben, bundesweit ein Screeningprogramm etabliert. Im Rahmen dieses Programmes [&hellip;]<\/p>\n","protected":false},"author":1,"featured_media":0,"parent":0,"menu_order":7,"comment_status":"closed","ping_status":"closed","template":"","meta":{"_et_pb_use_builder":"on","_et_pb_old_content":"","_et_gb_content_width":"","footnotes":""},"class_list":["post-125","page","type-page","status-publish","hentry"],"_links":{"self":[{"href":"https:\/\/claudiaperlet.de\/index.php?rest_route=\/wp\/v2\/pages\/125","targetHints":{"allow":["GET"]}}],"collection":[{"href":"https:\/\/claudiaperlet.de\/index.php?rest_route=\/wp\/v2\/pages"}],"about":[{"href":"https:\/\/claudiaperlet.de\/index.php?rest_route=\/wp\/v2\/types\/page"}],"author":[{"embeddable":true,"href":"https:\/\/claudiaperlet.de\/index.php?rest_route=\/wp\/v2\/users\/1"}],"replies":[{"embeddable":true,"href":"https:\/\/claudiaperlet.de\/index.php?rest_route=%2Fwp%2Fv2%2Fcomments&post=125"}],"version-history":[{"count":5,"href":"https:\/\/claudiaperlet.de\/index.php?rest_route=\/wp\/v2\/pages\/125\/revisions"}],"predecessor-version":[{"id":236,"href":"https:\/\/claudiaperlet.de\/index.php?rest_route=\/wp\/v2\/pages\/125\/revisions\/236"}],"wp:attachment":[{"href":"https:\/\/claudiaperlet.de\/index.php?rest_route=%2Fwp%2Fv2%2Fmedia&parent=125"}],"curies":[{"name":"wp","href":"https:\/\/api.w.org\/{rel}","templated":true}]}}