{"id":46,"date":"2024-01-18T11:06:14","date_gmt":"2024-01-18T10:06:14","guid":{"rendered":"https:\/\/wp.claudiaperlet.de\/?page_id=46"},"modified":"2025-11-13T11:55:44","modified_gmt":"2025-11-13T10:55:44","slug":"kooperationspartner","status":"publish","type":"page","link":"https:\/\/claudiaperlet.de\/?page_id=46","title":{"rendered":"Kooperationspartner"},"content":{"rendered":"<p>[et_pb_section fb_built=&#8220;1&#8243; _builder_version=&#8220;4.24.3&#8243; _module_preset=&#8220;default&#8220; background_color=&#8220;rgba(100,204,193,0.3)&#8220; use_background_color_gradient=&#8220;on&#8220; background_color_gradient_stops=&#8220;#64ccc1 0%|#ffffff 99%&#8220; custom_padding=&#8220;0px||0px||false|false&#8220; global_colors_info=&#8220;{}&#8220;][et_pb_row _builder_version=&#8220;4.24.3&#8243; _module_preset=&#8220;default&#8220; custom_padding=&#8220;0px||0px||false|false&#8220; global_colors_info=&#8220;{}&#8220;][et_pb_column type=&#8220;4_4&#8243; _builder_version=&#8220;4.23.4&#8243; _module_preset=&#8220;default&#8220; global_colors_info=&#8220;{}&#8220;][et_pb_image src=&#8220;https:\/\/claudiaperlet.de\/wp-content\/uploads\/2024\/01\/muenchen_1000px.png&#8220; title_text=&#8220;muenchen_1000px&#8220; _builder_version=&#8220;4.24.3&#8243; _module_preset=&#8220;default&#8220; global_colors_info=&#8220;{}&#8220;][\/et_pb_image][\/et_pb_column][\/et_pb_row][\/et_pb_section][et_pb_section fb_built=&#8220;1&#8243; _builder_version=&#8220;4.24.3&#8243; _module_preset=&#8220;default&#8220; custom_margin=&#8220;0px||0px||false|false&#8220; custom_padding=&#8220;0px||0px||false|false&#8220; global_colors_info=&#8220;{}&#8220;][et_pb_row _builder_version=&#8220;4.24.3&#8243; _module_preset=&#8220;default&#8220; custom_margin=&#8220;30px||||false|false&#8220; global_colors_info=&#8220;{}&#8220;][et_pb_column type=&#8220;4_4&#8243; _builder_version=&#8220;4.24.3&#8243; _module_preset=&#8220;default&#8220; global_colors_info=&#8220;{}&#8220;][et_pb_heading title=&#8220;Kooperationspartner&#8220; _builder_version=&#8220;4.24.3&#8243; _module_preset=&#8220;default&#8220; global_colors_info=&#8220;{}&#8220;][\/et_pb_heading][\/et_pb_column][\/et_pb_row][et_pb_row column_structure=&#8220;1_2,1_2&#8243; use_custom_gutter=&#8220;on&#8220; gutter_width=&#8220;2&#8243; make_equal=&#8220;on&#8220; _builder_version=&#8220;4.24.3&#8243; _module_preset=&#8220;default&#8220; custom_margin=&#8220;30px||||false|false&#8220; custom_padding=&#8220;0px||0px||false|false&#8220; global_colors_info=&#8220;{}&#8220;][et_pb_column type=&#8220;1_2&#8243; _builder_version=&#8220;4.24.3&#8243; _module_preset=&#8220;default&#8220; global_colors_info=&#8220;{}&#8220;][et_pb_blurb title=&#8220;Dr. med. Christoph Bauer Gyn\u00e4kologie&#8220; _builder_version=&#8220;4.24.3&#8243; _module_preset=&#8220;default&#8220; global_colors_info=&#8220;{}&#8220;]<\/p>\n<p><strong>Pr\u00e4vention . Geburtshilfe, Hormon- und Stoffwechseltherapeut<\/strong><\/p>\n<div>Die allgemeine gyn\u00e4kologische Sprechstunde umfasst die Fr\u00fcherkennungsdiagnostik mit Vaginalsonographie und Brustuntersuchung.<\/div>\n<div>Bei speziellen Fragestellungen rund um Klimakterium und Menopause werden die Befunde im praxiseigenen Hormonlabor ausgewertet und interpretiert. Die Beratung erstreckt sich dabei auch auf s\u00e4mtliche Fragen zur Hormonersatz-Therapie. Diese wird nach aktuellsten Gesichtspunkten mit Ihnen abgesprochen. Die Schwangerenvorsorge verl\u00e4uft entsprechend der geltenden Mutterschaftsrichtlinien. Daneben beinhaltet die spezielle pr\u00e4natale Diagnostik die Nackentransparenz-Messung (\u201eFirst Trimester Screening\u201c), Amniocentese sowie Farbdoppler-Untersuchungen zum Nachweis der regelrechten Versorgung Ihres Kindes.<\/div>\n<div><\/div>\n<div>Auf Wunsch werden auch Blutanalysen bzgl. Funktion von Herz-Kreislaufsystem, Leber, Niere sowie Fettstoffwechsel durchgef\u00fchrt.<\/div>\n<div><\/div>\n<div><a href=\"http:\/\/rendering\/57859#\" data-linkid=\"1\">www.christophbauer.com<\/a><\/div>\n<p>[\/et_pb_blurb][\/et_pb_column][et_pb_column type=&#8220;1_2&#8243; _builder_version=&#8220;4.24.3&#8243; _module_preset=&#8220;default&#8220; global_colors_info=&#8220;{}&#8220;][et_pb_blurb title=&#8220;Prof. Dr. St\u00e4bler&#8220; _builder_version=&#8220;4.24.3&#8243; _module_preset=&#8220;default&#8220; global_colors_info=&#8220;{}&#8220;]<\/p>\n<div>Die Radiologische Praxis Prof. Dr. St\u00e4bler bietet am Standort in M\u00fcnchen Harlaching (Gr\u00fcnwalderstrasse 72) zwei moderne Untersuchungsverfahren an, die Kernspintomographie (MRT) und die Computertomographie (CT).<\/div>\n<div><span>Am Standort M\u00fcnchen-Gro\u00dfhadern befinden sich 2 hochmoderne 3-Tesla MRT-Ger\u00e4te, mit denen unsere MRT-Untersuchungen der Brust durchgef\u00fchrt werden.<\/span><span><br \/><\/span><\/div>\n<div data-line-height=\"1.5\"><\/div>\n<div data-line-height=\"1.5\"><span><a href=\"http:\/\/rendering\/20611#\" data-linkid=\"1\">www.radiologie-muenchen-harlaching.de<\/a><\/span><\/div>\n<div data-line-height=\"1.5\"><a href=\"http:\/\/rendering\/20611#\" data-linkid=\"2\">www.radiologie-grosshadern.de<\/a><\/div>\n<p>[\/et_pb_blurb][\/et_pb_column][\/et_pb_row][et_pb_row column_structure=&#8220;1_2,1_2&#8243; use_custom_gutter=&#8220;on&#8220; gutter_width=&#8220;2&#8243; make_equal=&#8220;on&#8220; _builder_version=&#8220;4.24.3&#8243; _module_preset=&#8220;default&#8220; custom_margin=&#8220;30px||||false|false&#8220; custom_padding=&#8220;0px||0px||false|false&#8220; global_colors_info=&#8220;{}&#8220;][et_pb_column type=&#8220;1_2&#8243; _builder_version=&#8220;4.24.3&#8243; _module_preset=&#8220;default&#8220; global_colors_info=&#8220;{}&#8220;][et_pb_blurb title=&#8220;Klinikum vom Dritten Orden&#8220; _builder_version=&#8220;4.24.3&#8243; _module_preset=&#8220;default&#8220; global_colors_info=&#8220;{}&#8220;]<\/p>\n<div><strong>Zertifiziertes Brustzentrum<\/strong><\/div>\n<div><\/div>\n<div>Das interdisziplin\u00e4re Brustzentrum Klinikum Dritter Orden (Menzinger Str. 44, M\u00fcnchen) integriert alle spezialisierten Behandlungspartner, die f\u00fcr eine optimale Diagnostik und Therapie von Brusterkrankungen unerl\u00e4sslich sind. Von der Diagnostik, \u00fcber die operative Therapie, die onkologische und strahlentherapeutische Behandlung, bis hin zur palliativen Begleitung ist ein interdisziplin\u00e4r abgestimmtes Vorgehen gew\u00e4hrleistet. Oberste Priorit\u00e4t hat dabei die leitliniengerechte, qualit\u00e4tsgesicherte Diagnostik und Therapie, auf dem jeweils neuesten Stand der wissenschaftlichen Erkenntnis kombiniert mit dem Ziel einer patientenorientierten, individuellen Betreuung.<\/div>\n<div><\/div>\n<div><a href=\"http:\/\/rendering\/51841#\" data-linkid=\"2\">www.dritter-orden.de<\/a><\/div>\n<p>[\/et_pb_blurb][\/et_pb_column][et_pb_column type=&#8220;1_2&#8243; _builder_version=&#8220;4.24.3&#8243; _module_preset=&#8220;default&#8220; global_colors_info=&#8220;{}&#8220;][et_pb_blurb title=&#8220;Brustzentrum Klinikum Dritter Orden&#8220; _builder_version=&#8220;4.24.3&#8243; _module_preset=&#8220;default&#8220; global_colors_info=&#8220;{}&#8220;]<\/p>\n<div data-line-height=\"1.5\"><b>Gyn\u00e4kologie und Geburtshilfe<\/b><\/div>\n<div data-line-height=\"1.5\">\n<div data-line-height=\"1.5\"><span><\/span><\/div>\n<div data-line-height=\"1.5\">Dr. Franz Edler von Koch (Chefarzt)<\/div>\n<\/div>\n<div data-line-height=\"1.5\">Menzinger Str. 44<\/div>\n<div data-line-height=\"1.5\">80638 M\u00fcnchen<\/div>\n<div data-line-height=\"1.5\">Sekretariat: Frau Huben, Frau Anders<\/div>\n<div data-line-height=\"1.5\">Tel.: 089 1795-2540<\/div>\n<p>[\/et_pb_blurb][\/et_pb_column][\/et_pb_row][et_pb_row column_structure=&#8220;1_2,1_2&#8243; use_custom_gutter=&#8220;on&#8220; gutter_width=&#8220;2&#8243; make_equal=&#8220;on&#8220; _builder_version=&#8220;4.24.3&#8243; _module_preset=&#8220;default&#8220; custom_margin=&#8220;30px||||false|false&#8220; custom_padding=&#8220;0px||0px||false|false&#8220; global_colors_info=&#8220;{}&#8220;][et_pb_column type=&#8220;1_2&#8243; _builder_version=&#8220;4.24.3&#8243; _module_preset=&#8220;default&#8220; global_colors_info=&#8220;{}&#8220;][et_pb_blurb title=&#8220;Dr. med. Lenhart&#8220; _builder_version=&#8220;4.24.3&#8243; _module_preset=&#8220;default&#8220; global_colors_info=&#8220;{}&#8220;]<\/p>\n<div><strong>Praktische \u00c4rztin<\/strong><\/div>\n<div><\/div>\n<div>Frau Dr. Lenhart ist in unseren Praxisr\u00e4umen privat\u00e4rztlich t\u00e4tig. T\u00e4tigkeitsschwerpunkt ist die Traditionelle Chinesische Medizin (TCM) mit den Behandlungsverfahren Akupunktur, Arzneimitteltherapie (chinesische Heilkr\u00e4uter) und Di\u00e4tik (Ern\u00e4hrungstherapie)<\/div>\n<div><\/div>\n<div><a href=\"http:\/\/rendering\/9192#\" data-linkid=\"1\">www.tcm-dr-lenhart.de<\/a><\/div>\n<p>[\/et_pb_blurb][\/et_pb_column][et_pb_column type=&#8220;1_2&#8243; _builder_version=&#8220;4.24.3&#8243; _module_preset=&#8220;default&#8220; global_colors_info=&#8220;{}&#8220;][et_pb_blurb title=&#8220;Eurofins Humangenetik und Pr\u00e4natal-Medizin MVZ GmbH&#8220; _builder_version=&#8220;4.24.3&#8243; _module_preset=&#8220;default&#8220; global_colors_info=&#8220;{}&#8220;]<\/p>\n<div data-line-height=\"1.5\">\n<div><strong>Priv.-Doz. Dr. med. Moneef Shoukier<\/strong><\/div>\n<div><span>Friends Tower I \/ Friedenheimer Br\u00fccke 19<\/span><\/div>\n<div><span>D-80639 M\u00fcnchen<\/span><\/div>\n<div><span>\u00a0<\/span><\/div>\n<div><span>Tel. 089 &#8211; 13074 40<\/span><\/div>\n<div><span>Fax.089 &#8211; 13074 499<\/span><\/div>\n<div><span><a href=\"http:\/\/rendering\/21990#\" data-linkid=\"3\">info@praenatal-medizin.de<\/a><\/span><\/div>\n<\/div>\n<p>[\/et_pb_blurb][\/et_pb_column][\/et_pb_row][et_pb_row column_structure=&#8220;1_2,1_2&#8243; use_custom_gutter=&#8220;on&#8220; gutter_width=&#8220;2&#8243; make_equal=&#8220;on&#8220; _builder_version=&#8220;4.24.3&#8243; _module_preset=&#8220;default&#8220; custom_margin=&#8220;30px||||false|false&#8220; custom_padding=&#8220;0px||0px||false|false&#8220; global_colors_info=&#8220;{}&#8220;][et_pb_column type=&#8220;1_2&#8243; _builder_version=&#8220;4.24.3&#8243; _module_preset=&#8220;default&#8220; global_colors_info=&#8220;{}&#8220;][et_pb_blurb title=&#8220;Dr. Felix Graf von Spiegel&#8220; _builder_version=&#8220;4.24.3&#8243; _module_preset=&#8220;default&#8220; global_colors_info=&#8220;{}&#8220;]<\/p>\n<div><strong>Nymphenburger Praxis<\/strong><\/div>\n<div><strong>f\u00fcr Plastische &amp; \u00c4sthetische Chirurgie<\/strong><\/div>\n<div><span>B\u00f6cklinstra\u00dfe 1<\/span><\/div>\n<div><span>80638 M\u00fcnchen<\/span><\/div>\n<div><span>Fon 089 \/ 159 189 \u2013 0<\/span><\/div>\n<div><span>Fax 089 \/ 159 189 \u2013 29<\/span><\/div>\n<div><span><a href=\"http:\/\/rendering\/34780#\" data-linkid=\"4\">mail@muenchenplastischechirurgie.de<\/a><\/span><\/div>\n<p>[\/et_pb_blurb][\/et_pb_column][et_pb_column type=&#8220;1_2&#8243; _builder_version=&#8220;4.24.3&#8243; _module_preset=&#8220;default&#8220; global_colors_info=&#8220;{}&#8220;][\/et_pb_column][\/et_pb_row][\/et_pb_section]<\/p>\n","protected":false},"excerpt":{"rendered":"<p>Pr\u00e4vention . Geburtshilfe, Hormon- und Stoffwechseltherapeut Die allgemeine gyn\u00e4kologische Sprechstunde umfasst die Fr\u00fcherkennungsdiagnostik mit Vaginalsonographie und Brustuntersuchung. Bei speziellen Fragestellungen rund um Klimakterium und Menopause werden die Befunde im praxiseigenen Hormonlabor ausgewertet und interpretiert. Die Beratung erstreckt sich dabei auch auf s\u00e4mtliche Fragen zur Hormonersatz-Therapie. Diese wird nach aktuellsten Gesichtspunkten mit Ihnen abgesprochen. Die Schwangerenvorsorge [&hellip;]<\/p>\n","protected":false},"author":1,"featured_media":0,"parent":0,"menu_order":3,"comment_status":"closed","ping_status":"closed","template":"","meta":{"_et_pb_use_builder":"on","_et_pb_old_content":"","_et_gb_content_width":"","footnotes":""},"class_list":["post-46","page","type-page","status-publish","hentry"],"_links":{"self":[{"href":"https:\/\/claudiaperlet.de\/index.php?rest_route=\/wp\/v2\/pages\/46","targetHints":{"allow":["GET"]}}],"collection":[{"href":"https:\/\/claudiaperlet.de\/index.php?rest_route=\/wp\/v2\/pages"}],"about":[{"href":"https:\/\/claudiaperlet.de\/index.php?rest_route=\/wp\/v2\/types\/page"}],"author":[{"embeddable":true,"href":"https:\/\/claudiaperlet.de\/index.php?rest_route=\/wp\/v2\/users\/1"}],"replies":[{"embeddable":true,"href":"https:\/\/claudiaperlet.de\/index.php?rest_route=%2Fwp%2Fv2%2Fcomments&post=46"}],"version-history":[{"count":7,"href":"https:\/\/claudiaperlet.de\/index.php?rest_route=\/wp\/v2\/pages\/46\/revisions"}],"predecessor-version":[{"id":341,"href":"https:\/\/claudiaperlet.de\/index.php?rest_route=\/wp\/v2\/pages\/46\/revisions\/341"}],"wp:attachment":[{"href":"https:\/\/claudiaperlet.de\/index.php?rest_route=%2Fwp%2Fv2%2Fmedia&parent=46"}],"curies":[{"name":"wp","href":"https:\/\/api.w.org\/{rel}","templated":true}]}}

<p>[et_pb_section fb_built=&#8220;1&#8243; _builder_version=&#8220;4.24.3&#8243; _module_preset=&#8220;default&#8220; background_color=&#8220;rgba(100,204,193,0.3)&#8220; use_background_color_gradient=&#8220;on&#8220; background_color_gradient_stops=&#8220;#64ccc1 0%|#ffffff 99%&#8220; custom_padding=&#8220;0px||0px||false|false&#8220; global_colors_info=&#8220;{}&#8220;][et_pb_row _builder_version=&#8220;4.24.3&#8243; _module_preset=&#8220;default&#8220; custom_padding=&#8220;0px||0px||false|false&#8220; global_colors_info=&#8220;{}&#8220;][et_pb_column type=&#8220;4_4&#8243; _builder_version=&#8220;4.23.4&#8243; _module_preset=&#8220;default&#8220; global_colors_info=&#8220;{}&#8220;][et_pb_image src=&#8220;https://claudiaperlet.de/wp-content/uploads/2024/01/muenchen_1000px.png&#8220; title_text=&#8220;muenchen_1000px&#8220; _builder_version=&#8220;4.24.3&#8243; _module_preset=&#8220;default&#8220; global_colors_info=&#8220;{}&#8220;][/et_pb_image][/et_pb_column][/et_pb_row][/et_pb_section][et_pb_section fb_built=&#8220;1&#8243; _builder_version=&#8220;4.24.3&#8243; _module_preset=&#8220;default&#8220; custom_margin=&#8220;0px||0px||false|false&#8220; custom_padding=&#8220;0px||0px||false|false&#8220; global_colors_info=&#8220;{}&#8220;][et_pb_row _builder_version=&#8220;4.24.3&#8243; _module_preset=&#8220;default&#8220; custom_margin=&#8220;30px||||false|false&#8220; global_colors_info=&#8220;{}&#8220;][et_pb_column type=&#8220;4_4&#8243; _builder_version=&#8220;4.24.3&#8243; _module_preset=&#8220;default&#8220; global_colors_info=&#8220;{}&#8220;][et_pb_heading title=&#8220;Kooperationspartner&#8220; _builder_version=&#8220;4.24.3&#8243; _module_preset=&#8220;default&#8220; global_colors_info=&#8220;{}&#8220;][/et_pb_heading][/et_pb_column][/et_pb_row][et_pb_row column_structure=&#8220;1_2,1_2&#8243; use_custom_gutter=&#8220;on&#8220; gutter_width=&#8220;2&#8243; make_equal=&#8220;on&#8220; _builder_version=&#8220;4.24.3&#8243; _module_preset=&#8220;default&#8220; custom_margin=&#8220;30px||||false|false&#8220; custom_padding=&#8220;0px||0px||false|false&#8220; global_colors_info=&#8220;{}&#8220;][et_pb_column type=&#8220;1_2&#8243; _builder_version=&#8220;4.24.3&#8243; _module_preset=&#8220;default&#8220; global_colors_info=&#8220;{}&#8220;][et_pb_blurb title=&#8220;Dr. med. Christoph Bauer Gynäkologie&#8220; _builder_version=&#8220;4.24.3&#8243; _module_preset=&#8220;default&#8220; global_colors_info=&#8220;{}&#8220;]</p>
<p><strong>Prävention . Geburtshilfe, Hormon- und Stoffwechseltherapeut</strong></p>
<div>Die allgemeine gynäkologische Sprechstunde umfasst die Früherkennungsdiagnostik mit Vaginalsonographie und Brustuntersuchung.</div>
<div>Bei speziellen Fragestellungen rund um Klimakterium und Menopause werden die Befunde im praxiseigenen Hormonlabor ausgewertet und interpretiert. Die Beratung erstreckt sich dabei auch auf sämtliche Fragen zur Hormonersatz-Therapie. Diese wird nach aktuellsten Gesichtspunkten mit Ihnen abgesprochen. Die Schwangerenvorsorge verläuft entsprechend der geltenden Mutterschaftsrichtlinien. Daneben beinhaltet die spezielle pränatale Diagnostik die Nackentransparenz-Messung („First Trimester Screening“), Amniocentese sowie Farbdoppler-Untersuchungen zum Nachweis der regelrechten Versorgung Ihres Kindes.</div>
<div></div>
<div>Auf Wunsch werden auch Blutanalysen bzgl. Funktion von Herz-Kreislaufsystem, Leber, Niere sowie Fettstoffwechsel durchgeführt.</div>
<div></div>
<div><a href="http://rendering/57859#" data-linkid="1">www.christophbauer.com</a></div>
<p>[/et_pb_blurb][/et_pb_column][et_pb_column type=&#8220;1_2&#8243; _builder_version=&#8220;4.24.3&#8243; _module_preset=&#8220;default&#8220; global_colors_info=&#8220;{}&#8220;][et_pb_blurb title=&#8220;Prof. Dr. Stäbler&#8220; _builder_version=&#8220;4.24.3&#8243; _module_preset=&#8220;default&#8220; global_colors_info=&#8220;{}&#8220;]</p>
<div>Die Radiologische Praxis Prof. Dr. Stäbler bietet am Standort in München Harlaching (Grünwalderstrasse 72) zwei moderne Untersuchungsverfahren an, die Kernspintomographie (MRT) und die Computertomographie (CT).</div>
<div><span>Am Standort München-Großhadern befinden sich 2 hochmoderne 3-Tesla MRT-Geräte, mit denen unsere MRT-Untersuchungen der Brust durchgeführt werden.</span><span><br /></span></div>
<div data-line-height="1.5"></div>
<div data-line-height="1.5"><span><a href="http://rendering/20611#" data-linkid="1">www.radiologie-muenchen-harlaching.de</a></span></div>
<div data-line-height="1.5"><a href="http://rendering/20611#" data-linkid="2">www.radiologie-grosshadern.de</a></div>
<p>[/et_pb_blurb][/et_pb_column][/et_pb_row][et_pb_row column_structure=&#8220;1_2,1_2&#8243; use_custom_gutter=&#8220;on&#8220; gutter_width=&#8220;2&#8243; make_equal=&#8220;on&#8220; _builder_version=&#8220;4.24.3&#8243; _module_preset=&#8220;default&#8220; custom_margin=&#8220;30px||||false|false&#8220; custom_padding=&#8220;0px||0px||false|false&#8220; global_colors_info=&#8220;{}&#8220;][et_pb_column type=&#8220;1_2&#8243; _builder_version=&#8220;4.24.3&#8243; _module_preset=&#8220;default&#8220; global_colors_info=&#8220;{}&#8220;][et_pb_blurb title=&#8220;Klinikum vom Dritten Orden&#8220; _builder_version=&#8220;4.24.3&#8243; _module_preset=&#8220;default&#8220; global_colors_info=&#8220;{}&#8220;]</p>
<div><strong>Zertifiziertes Brustzentrum</strong></div>
<div></div>
<div>Das interdisziplinäre Brustzentrum Klinikum Dritter Orden (Menzinger Str. 44, München) integriert alle spezialisierten Behandlungspartner, die für eine optimale Diagnostik und Therapie von Brusterkrankungen unerlässlich sind. Von der Diagnostik, über die operative Therapie, die onkologische und strahlentherapeutische Behandlung, bis hin zur palliativen Begleitung ist ein interdisziplinär abgestimmtes Vorgehen gewährleistet. Oberste Priorität hat dabei die leitliniengerechte, qualitätsgesicherte Diagnostik und Therapie, auf dem jeweils neuesten Stand der wissenschaftlichen Erkenntnis kombiniert mit dem Ziel einer patientenorientierten, individuellen Betreuung.</div>
<div></div>
<div><a href="http://rendering/51841#" data-linkid="2">www.dritter-orden.de</a></div>
<p>[/et_pb_blurb][/et_pb_column][et_pb_column type=&#8220;1_2&#8243; _builder_version=&#8220;4.24.3&#8243; _module_preset=&#8220;default&#8220; global_colors_info=&#8220;{}&#8220;][et_pb_blurb title=&#8220;Brustzentrum Klinikum Dritter Orden&#8220; _builder_version=&#8220;4.24.3&#8243; _module_preset=&#8220;default&#8220; global_colors_info=&#8220;{}&#8220;]</p>
<div data-line-height="1.5"><b>Gynäkologie und Geburtshilfe</b></div>
<div data-line-height="1.5">
<div data-line-height="1.5"><span></span></div>
<div data-line-height="1.5">Dr. Franz Edler von Koch (Chefarzt)</div>
</div>
<div data-line-height="1.5">Menzinger Str. 44</div>
<div data-line-height="1.5">80638 München</div>
<div data-line-height="1.5">Sekretariat: Frau Huben, Frau Anders</div>
<div data-line-height="1.5">Tel.: 089 1795-2540</div>
<p>[/et_pb_blurb][/et_pb_column][/et_pb_row][et_pb_row column_structure=&#8220;1_2,1_2&#8243; use_custom_gutter=&#8220;on&#8220; gutter_width=&#8220;2&#8243; make_equal=&#8220;on&#8220; _builder_version=&#8220;4.24.3&#8243; _module_preset=&#8220;default&#8220; custom_margin=&#8220;30px||||false|false&#8220; custom_padding=&#8220;0px||0px||false|false&#8220; global_colors_info=&#8220;{}&#8220;][et_pb_column type=&#8220;1_2&#8243; _builder_version=&#8220;4.24.3&#8243; _module_preset=&#8220;default&#8220; global_colors_info=&#8220;{}&#8220;][et_pb_blurb title=&#8220;Dr. med. Lenhart&#8220; _builder_version=&#8220;4.24.3&#8243; _module_preset=&#8220;default&#8220; global_colors_info=&#8220;{}&#8220;]</p>
<div><strong>Praktische Ärztin</strong></div>
<div></div>
<div>Frau Dr. Lenhart ist in unseren Praxisräumen privatärztlich tätig. Tätigkeitsschwerpunkt ist die Traditionelle Chinesische Medizin (TCM) mit den Behandlungsverfahren Akupunktur, Arzneimitteltherapie (chinesische Heilkräuter) und Diätik (Ernährungstherapie)</div>
<div></div>
<div><a href="http://rendering/9192#" data-linkid="1">www.tcm-dr-lenhart.de</a></div>
<p>[/et_pb_blurb][/et_pb_column][et_pb_column type=&#8220;1_2&#8243; _builder_version=&#8220;4.24.3&#8243; _module_preset=&#8220;default&#8220; global_colors_info=&#8220;{}&#8220;][et_pb_blurb title=&#8220;Eurofins Humangenetik und Pränatal-Medizin MVZ GmbH&#8220; _builder_version=&#8220;4.24.3&#8243; _module_preset=&#8220;default&#8220; global_colors_info=&#8220;{}&#8220;]</p>
<div data-line-height="1.5">
<div><strong>Priv.-Doz. Dr. med. Moneef Shoukier</strong></div>
<div><span>Friends Tower I / Friedenheimer Brücke 19</span></div>
<div><span>D-80639 München</span></div>
<div><span> </span></div>
<div><span>Tel. 089 &#8211; 13074 40</span></div>
<div><span>Fax.089 &#8211; 13074 499</span></div>
<div><span><a href="http://rendering/21990#" data-linkid="3">info@praenatal-medizin.de</a></span></div>
</div>
<p>[/et_pb_blurb][/et_pb_column][/et_pb_row][et_pb_row column_structure=&#8220;1_2,1_2&#8243; use_custom_gutter=&#8220;on&#8220; gutter_width=&#8220;2&#8243; make_equal=&#8220;on&#8220; _builder_version=&#8220;4.24.3&#8243; _module_preset=&#8220;default&#8220; custom_margin=&#8220;30px||||false|false&#8220; custom_padding=&#8220;0px||0px||false|false&#8220; global_colors_info=&#8220;{}&#8220;][et_pb_column type=&#8220;1_2&#8243; _builder_version=&#8220;4.24.3&#8243; _module_preset=&#8220;default&#8220; global_colors_info=&#8220;{}&#8220;][et_pb_blurb title=&#8220;Dr. Felix Graf von Spiegel&#8220; _builder_version=&#8220;4.24.3&#8243; _module_preset=&#8220;default&#8220; global_colors_info=&#8220;{}&#8220;]</p>
<div><strong>Nymphenburger Praxis</strong></div>
<div><strong>für Plastische &amp; Ästhetische Chirurgie</strong></div>
<div><span>Böcklinstraße 1</span></div>
<div><span>80638 München</span></div>
<div><span>Fon 089 / 159 189 – 0</span></div>
<div><span>Fax 089 / 159 189 – 29</span></div>
<div><span><a href="http://rendering/34780#" data-linkid="4">mail@muenchenplastischechirurgie.de</a></span></div>
<p>[/et_pb_blurb][/et_pb_column][et_pb_column type=&#8220;1_2&#8243; _builder_version=&#8220;4.24.3&#8243; _module_preset=&#8220;default&#8220; global_colors_info=&#8220;{}&#8220;][/et_pb_column][/et_pb_row][/et_pb_section]</p>

<p>Prävention . Geburtshilfe, Hormon- und Stoffwechseltherapeut Die allgemeine gynäkologische Sprechstunde umfasst die Früherkennungsdiagnostik mit Vaginalsonographie und Brustuntersuchung. Bei speziellen Fragestellungen rund um Klimakterium und Menopause werden die Befunde im praxiseigenen Hormonlabor ausgewertet und interpretiert. Die Beratung erstreckt sich dabei auch auf sämtliche Fragen zur Hormonersatz-Therapie. Diese wird nach aktuellsten Gesichtspunkten mit Ihnen abgesprochen. Die Schwangerenvorsorge [&hellip;]</p>
