{"id":48,"date":"2024-01-18T11:06:26","date_gmt":"2024-01-18T10:06:26","guid":{"rendered":"https:\/\/wp.claudiaperlet.de\/?page_id=48"},"modified":"2025-03-25T10:06:07","modified_gmt":"2025-03-25T09:06:07","slug":"kontakt","status":"publish","type":"page","link":"https:\/\/claudiaperlet.de\/?page_id=48","title":{"rendered":"Kontakt"},"content":{"rendered":"<p>[et_pb_section fb_built=&#8220;1&#8243; _builder_version=&#8220;4.24.3&#8243; _module_preset=&#8220;default&#8220; background_color=&#8220;rgba(100,204,193,0.3)&#8220; use_background_color_gradient=&#8220;on&#8220; background_color_gradient_stops=&#8220;#64ccc1 0%|#ffffff 100%&#8220; custom_padding=&#8220;0px||0px||false|false&#8220; global_colors_info=&#8220;{}&#8220;][et_pb_row _builder_version=&#8220;4.24.3&#8243; _module_preset=&#8220;default&#8220; custom_padding=&#8220;0px||0px||false|false&#8220; global_colors_info=&#8220;{}&#8220;][et_pb_column type=&#8220;4_4&#8243; _builder_version=&#8220;4.23.4&#8243; _module_preset=&#8220;default&#8220; global_colors_info=&#8220;{}&#8220;][et_pb_image src=&#8220;https:\/\/claudiaperlet.de\/wp-content\/uploads\/2024\/01\/empfang_1000px.png&#8220; title_text=&#8220;empfang_1000px&#8220; _builder_version=&#8220;4.24.3&#8243; _module_preset=&#8220;default&#8220; global_colors_info=&#8220;{}&#8220;][\/et_pb_image][\/et_pb_column][\/et_pb_row][\/et_pb_section][et_pb_section fb_built=&#8220;1&#8243; _builder_version=&#8220;4.24.3&#8243; _module_preset=&#8220;default&#8220; custom_margin=&#8220;0px||0px||false|false&#8220; custom_padding=&#8220;0px||0px||false|false&#8220; global_colors_info=&#8220;{}&#8220;][et_pb_row column_structure=&#8220;1_3,1_3,1_3&#8243; _builder_version=&#8220;4.24.3&#8243; _module_preset=&#8220;default&#8220; custom_margin=&#8220;50px||||false|false&#8220; custom_padding=&#8220;0px||0px||false|false&#8220; global_colors_info=&#8220;{}&#8220;][et_pb_column type=&#8220;1_3&#8243; _builder_version=&#8220;4.24.3&#8243; _module_preset=&#8220;default&#8220; global_colors_info=&#8220;{}&#8220;][et_pb_blurb title=&#8220;Dr. med. Claudia Perlet&#8220; image=&#8220;https:\/\/claudiaperlet.de\/wp-content\/uploads\/2024\/01\/20190125_13-43-22-2_450px.jpg&#8220; _builder_version=&#8220;4.24.3&#8243; _module_preset=&#8220;default&#8220; global_colors_info=&#8220;{}&#8220;]<\/p>\n<div class=\"imHeading5\">Fach\u00e4rztin f\u00fcr diagnostische Radiologie<\/div>\n<div>\n<div><span class=\"fs10lh1-5\">Bildgebende und interventionelle Mammadiagnostik<\/span><\/div>\n<div><\/div>\n<div><span class=\"fs10lh1-5\">Alle Privatkassen<span>\u00a0<\/span><\/span><span class=\"fs10lh1-5\">und Selbstzahler<\/span><\/div>\n<\/div>\n<div><\/div>\n<div>\n<div><span class=\"fs10lh1-5\">Email:<\/span><span class=\"fs10lh1-5\"><span>\u00a0<\/span><\/span><span class=\"fs10lh1-5\"><a href=\"mailto:praxis@claudiaperlet.de?subject=Email%20von%20der%20Homepage&amp;body=\" class=\"imCssLink\">praxis@claudiaperlet.de<\/a><\/span><\/div>\n<\/div>\n<p>[\/et_pb_blurb][\/et_pb_column][et_pb_column type=&#8220;1_3&#8243; _builder_version=&#8220;4.24.3&#8243; _module_preset=&#8220;default&#8220; global_colors_info=&#8220;{}&#8220;][et_pb_blurb title=&#8220;Terminvereinbarung&#8220; image=&#8220;https:\/\/claudiaperlet.de\/wp-content\/uploads\/2024\/01\/Anmeldung_600px_p1m8wmp2.png&#8220; _builder_version=&#8220;4.27.4&#8243; _module_preset=&#8220;default&#8220; hover_enabled=&#8220;0&#8243; global_colors_info=&#8220;{}&#8220; sticky_enabled=&#8220;0&#8243;]<\/p>\n<div><b class=\"fs10lh1-5\"><span class=\"fs10lh1-5\">Mammadiagnostik Sch\u00e4fflerhof<\/span><\/b><\/div>\n<div>\n<div><span class=\"fs10lh1-5\">Montag bis Donnerstag\u00a0 \u00a08:00 &#8211; 13:00 Uhr<\/span><\/div>\n<div><span class=\"fs10lh1-5\">Montag bis Donnerstag 14:30 &#8211; 18:00 Uhr<\/span><\/div>\n<div><span class=\"fs10lh1-5\">Freitag 8 &#8211; 13 Uhr<\/span><\/div>\n<div><span class=\"fs10lh1-5\">Windenmacherstra\u00dfe 2<\/span><\/div>\n<div><span class=\"fs10lh1-5\">80333 M\u00fcnchen<\/span><\/div>\n<div><\/div>\n<div><span class=\"fs10lh1-5\">Telefon: 089 | 50 80 60 60<\/span><\/div>\n<div><span class=\"fs10lh1-5\">Telefax: 089 | 50 80 60 77<\/span><\/div>\n<div><\/div>\n<div><strong><span class=\"fs10lh1-5\">Bitte setzen Sie sich zur Terminvereinbarung telefonisch mit uns in Verbindung. Nur so k\u00f6nnen alle notwendigen Fragen gekl\u00e4rt und Ihre individuellen Bed\u00fcrfnisse bestm\u00f6glich umgesetzt werden.<\/span><\/strong><\/div>\n<\/div>\n<p>[\/et_pb_blurb][\/et_pb_column][et_pb_column type=&#8220;1_3&#8243; _builder_version=&#8220;4.24.3&#8243; _module_preset=&#8220;default&#8220; global_colors_info=&#8220;{}&#8220;][et_pb_blurb title=&#8220;Terminvereinbarung&#8220; image=&#8220;https:\/\/claudiaperlet.de\/wp-content\/uploads\/2024\/04\/standorte_1.jpg&#8220; _builder_version=&#8220;4.24.3&#8243; _module_preset=&#8220;default&#8220; global_colors_info=&#8220;{}&#8220;]<\/p>\n<div class=\"imHeading5\"><b class=\"fs10lh1-5\"><span class=\"fs10lh1-5\">Radiologie in M\u00fcnchen Gro\u00df<\/span><\/b><b class=\"fs10lh1-5\"><span class=\"fs10lh1-5\">hadern<\/span><\/b><\/div>\n<div>\n<div>\n<div><span class=\"fs10lh1-5\">Montag bis Donnerstag 8 bis 18 Uhr<\/span><\/div>\n<div><span class=\"fs10lh1-5\">Freitag 8 bis 15 Uhr<\/span><\/div>\n<\/div>\n<div><span class=\"fs10lh1-5\">Sauerbruchstr. 10<\/span><\/div>\n<div><span class=\"fs10lh1-5\">81377 M\u00fcnchen<\/span><\/div>\n<div><span class=\"fs10lh1-5\">\u00a0<\/span><\/div>\n<div><span class=\"fs10lh1-5\">Telefon: 089 | 520 575 410<\/span><\/div>\n<div><span class=\"fs10lh1-5\">Telefax: 089 | 520 575 412 0<\/span><\/div>\n<\/div>\n<p>[\/et_pb_blurb][\/et_pb_column][\/et_pb_row][\/et_pb_section]<\/p>\n","protected":false},"excerpt":{"rendered":"<p>Fach\u00e4rztin f\u00fcr diagnostische Radiologie Bildgebende und interventionelle Mammadiagnostik Alle Privatkassen\u00a0und Selbstzahler Email:\u00a0praxis@claudiaperlet.de Mammadiagnostik Sch\u00e4fflerhof Montag bis Donnerstag\u00a0 \u00a08:00 &#8211; 13:00 Uhr Montag bis Donnerstag 14:30 &#8211; 18:00 Uhr Freitag 8 &#8211; 13 Uhr Windenmacherstra\u00dfe 2 80333 M\u00fcnchen Telefon: 089 | 50 80 60 60 Telefax: 089 | 50 80 60 77 Bitte setzen Sie sich [&hellip;]<\/p>\n","protected":false},"author":1,"featured_media":0,"parent":0,"menu_order":4,"comment_status":"closed","ping_status":"closed","template":"","meta":{"_et_pb_use_builder":"on","_et_pb_old_content":"","_et_gb_content_width":"","footnotes":""},"class_list":["post-48","page","type-page","status-publish","hentry"],"_links":{"self":[{"href":"https:\/\/claudiaperlet.de\/index.php?rest_route=\/wp\/v2\/pages\/48","targetHints":{"allow":["GET"]}}],"collection":[{"href":"https:\/\/claudiaperlet.de\/index.php?rest_route=\/wp\/v2\/pages"}],"about":[{"href":"https:\/\/claudiaperlet.de\/index.php?rest_route=\/wp\/v2\/types\/page"}],"author":[{"embeddable":true,"href":"https:\/\/claudiaperlet.de\/index.php?rest_route=\/wp\/v2\/users\/1"}],"replies":[{"embeddable":true,"href":"https:\/\/claudiaperlet.de\/index.php?rest_route=%2Fwp%2Fv2%2Fcomments&post=48"}],"version-history":[{"count":6,"href":"https:\/\/claudiaperlet.de\/index.php?rest_route=\/wp\/v2\/pages\/48\/revisions"}],"predecessor-version":[{"id":336,"href":"https:\/\/claudiaperlet.de\/index.php?rest_route=\/wp\/v2\/pages\/48\/revisions\/336"}],"wp:attachment":[{"href":"https:\/\/claudiaperlet.de\/index.php?rest_route=%2Fwp%2Fv2%2Fmedia&parent=48"}],"curies":[{"name":"wp","href":"https:\/\/api.w.org\/{rel}","templated":true}]}}